 + 6 - 0. Suppose 4*p - z - 24 = -a*z, 5*z = -5*p + 40. What is the remainder when p is divided by 1?
0
Suppose 0 = 100*c - 5743 + 1343. What is the remainder when 2111 is divided by c?
43
Let w be (2 + 74)*5/10. Let h be 25*-2*(-57)/w. What is the remainder when 105 is divided by ((-54)/(-15))/(10/h)?
24
Suppose -46*h = -116*h + 58*h. Let s(d) = d**2 - 2*d - 4. Let z be s(-4). Suppose h = 5*v - z - 0. What is the remainder when 22 is divided by v?
2
Let j = 16224 - 16119. Let x = -8 + 17. What is the remainder when j is divided by x?
6
Suppose j + 0*j = -4*z - 69, 0 = -4*j + 3*z - 352. Suppose 0 = 5*t - 148 + 623. Let h = j - t. What is the remainder when 42 is divided by h?
2
Let b = 138 - 114. What is the remainder when 273 is divided by (-54)/(-21)*112/b?
9
Let p(h) = -19*h**2 - 328*h + 30. Calculate the remainder when p(-17) is divided by 92.
23
Suppose -5*k + 852 = 4*r - 402, -4*k + 1563 = 5*r. Calculate the remainder when r is divided by 12.
11
Let n = 22644 + -19670. Calculate the remainder when n is divided by 106.
6
Suppose 2*b - 44 = 5*n, -3*n + 79 = 5*b - 0*n. Let u(m) = m**3 - 17*m**2 + m - 8. Calculate the remainder when 69 is divided by u(b).
6
Let f(a) = -a**2 - 5*a + 5. What is the remainder when ((-3 - (-12 + 2))*-1)/((-2)/2) is divided by f(-5)?
2
Calculate the remainder when 120 is divided by (1/(2/3))/(369/2706).
10
Let b = -2347 - -2411. Calculate the remainder when 169 is divided by b.
41
Suppose -3*i - 20 = -5*a - 63, 0 = -4*i + 3*a + 39. Suppose -i = 5*v + 4*y, 1 - 13 = 3*y. Calculate the remainder when (74/4)/(v/4) is divided by 14.
9
Suppose 43*x - 296*x + 203159 = 0. What is the remainder when x is divided by 792?
11
Suppose 127*q - 176 = 119*q. Calculate the remainder when q is divided by 2/(-10) + 36/5.
1
Let t(k) = 97*k**3 - 22*k**2 + 22*k - 2. Let n(q) = 8*q**2 + 4*q + 2. What is the remainder when t(1) is divided by n(-2)?
17
Suppose -388023 = -418*w - 55713. What is the remainder when w is divided by 390?
15
Let z = -6 - -4. What is the remainder when 6 + (-14)/(-7) - (-30)/(-15) is divided by ((-1)/3)/(z/30)?
1
Suppose -4*m + 5*q + 18 = 0, 34 = 4*m + 2*q + q. Suppose 3*h - 4 = -m. What is the remainder when 51 is divided by h*9*110/(-66)?
6
Let m(s) = s**2 + 8*s + 4. Let k = -9850 - -9991. Calculate the remainder when k is divided by m(-11).
30
Suppose -3*u + k = -49, 4*u - 100 = 68*k - 71*k. Calculate the remainder when 1196 is divided by u.
18
Let u = -12469 - -55488. What is the remainder when u is divided by 98?
95
Calculate the remainder when -9*(-11 + -2 + -2) is divided by (-488)/(-36)*5/2 - 4/(-36).
33
Let s(r) = 2*r**2 - 56*r + 271. Calculate the remainder when 3071 is divided by s(5).
37
Let u(l) = -2*l - 30. Let v be u(-17). Let o be (-4 + 0)/v - 73/(-1). Let i = 96 - o. What is the remainder when i is divided by 13?
11
What is the remainder when 746 is divided by 451/3 + 10/(-30)?
146
Let r(f) = f**3 - 13*f**2 - 12*f - 5. Suppose -3*k = 8 - 50. Let n be r(k). Suppose -m + 75 = n. What is the remainder when m is divided by 9?
7
Let t = -2897 - -2980. Let i = 8 - -3. Let k = 17 + i. What is the remainder when t is divided by k?
27
Let k(z) = -4*z**2 - 40*z + 63. What is the remainder when 420 is divided by k(-9)?
24
Calculate the remainder when 4276 is divided by 4191/1270*10/3.
8
Let w = -72 + 74. Suppose -w*z = 2*h - 108, -2*z + 6*z + h - 204 = 0. What is the remainder when 179 is divided by z?
29
Suppose -9*g + 3*g = -5*g - 12273. Calculate the remainder when g is divided by 44.
41
Let c(d) = -3*d**2 - 8*d + 40. Let n(t) = 3*t**2 + 11*t - 39. Let l(q) = 4*c(q) + 5*n(q). Calculate the remainder when 219 is divided by l(-11).
69
Suppose 2*z = -3*z + 50. Suppose -2*j - z*j + 336 = 0. Calculate the remainder when 167 is divided by j.
27
Let z = -946 - -916. Let f be (-5 - 0)*(-48)/(-10). Let y = f - z. What is the remainder when 35 is divided by y?
5
Suppose -77*g = -73*g - 88. What is the remainder when (-655)/(-6) - (-1)/(-6) is divided by g?
21
Let g(f) = -f + 45. Suppose -z + 48 = 2*i, 4*i + 6 - 102 = 4*z. Calculate the remainder when g(i) is divided by 7.
0
Suppose -9*m + 2*s = -12*m - 18, 25 = -5*m - 5*s. Let y be (4/m)/((-2)/172). Suppose -y = -5*i - 3. What is the remainder when 36 is divided by i?
4
Let j = -9 - -12. Let q = j + 27. What is the remainder when (2 - 220/25)*210/(-12) is divided by q?
29
Let b(c) = -c**2 - 2*c + 28. Let t be b(9). Let o = -67 - t. What is the remainder when -2 + (1 - 3) + 31 + -1 is divided by o?
2
Suppose -148 + 172 = -4*r, -5*s + 3*r = -1008. Calculate the remainder when 367 is divided by s.
169
Let h = 27 - 27. Suppose 0 = -h*q + 4*q. Suppose -5*j + 122 = y - 60, 3*j + 5*y - 118 = q. What is the remainder when j is divided by 19?
17
Let n(g) = -g**3 - g**2 + 5*g - 15. Let d be n(4). Let r = 0 - d. Let k = -61 + r. Calculate the remainder when 67 is divided by k.
11
Suppose b + 3*p = -13, 2*p - 2 = -16*b + 18*b. What is the remainder when 2 - (-1 + b + 2) is divided by 3?
2
Suppose 0 = 18*i - 95 - 121. Calculate the remainder when 90 is divided by i.
6
Suppose 2*c = -j - 3*j + 20, -3*c + 34 = 4*j. Calculate the remainder when (-171)/12*((-13680)/108)/95 is divided by c.
5
Suppose 0 = 9*p - 0*p - 558. Suppose 129 = 4*o - 3*s, 3*o = -3*s + 40 + p. Calculate the remainder when 230 is divided by o.
32
Calculate the remainder when 346 is divided by 627/6 + ((-325)/26 - 24/(-2)).
34
Let c(s) = -57*s + 519. What is the remainder when c(7) is divided by 10?
0
Let g = -1005 + 1762. Calculate the remainder when g is divided by 99.
64
Let h = -1475 - -4583. Suppose -7*d + h = 30*d. What is the remainder when d is divided by 17?
16
Let n = 119 + -8. Let u(w) be the first derivative of w**3/3 - w**2/2 + 13*w - 105. What is the remainder when n is divided by u(3)?
16
Suppose -24*m + 68 = -20*m. Suppose w + 112 = 4*x, x - m*w + 12*w - 28 = 0. Calculate the remainder when x is divided by 11.
6
Let f(d) = 112*d + 3310. Calculate the remainder when f(-22) is divided by 77.
76
Let p = 420 - 417. Suppose 79*f - 102 = 75*f - 5*w, -p*w + 6 = 0. What is the remainder when f is divided by 7?
2
Suppose 23*p - 5200 = 2597. Calculate the remainder when p is divided by 188.
151
Let x = -26614 + 26831. What is the remainder when 836 is divided by x?
185
Let c(d) = 299*d + 19 - 296*d - 4. Calculate the remainder when c(4) is divided by 15.
12
Let l(w) = 3*w**3 - 2*w**3 - 3*w + 13*w - 8*w + w**2. Let m be l(-3). What is the remainder when (1*2)/((-16)/m) - -16 is divided by 5?
4
Let f(i) = 2*i**2 - 2*i + 5. Suppose -328*c + 332*c - 1539 = -3*z, z + 4*c - 497 = 0. Calculate the remainder when z is divided by f(4).
28
Let v(x) = -7*x + 244. Suppose o + 4*j - 51 = 0, 5*o = 4*j + 189 - 54. Calculate the remainder when 53 is divided by v(o).
26
Suppose 10 + 32 = 2*i. Let c = 186 - 185. What is the remainder when 97 is divided by (c - 0 - i)*185/(-74)?
47
Let a(k) = -2*k**3 + 96*k**2 - 75*k - 831. Calculate the remainder when 112 is divided by a(47).
50
Let o(f) = 0*f - 5*f - 14 - 8*f - f**2. Let j(y) = -2*y**2 + 22*y + 28. Calculate the remainder when j(11) is divided by o(-10).
12
Let n(v) = 1. Let i(p) = 2*p**2 + p - 33. Let k(g) = -i(g) - 6*n(g). Let f be k(0). Let y = -18 + f. What is the remainder when 17 is divided by y?
8
Let j = 14 + -13. Suppose -36 = -9*r + 3*r. Suppose 3 = 3*b - r. What is the remainder when b is divided by j?
0
Suppose 36*o = 16*o + 80. Suppose 0 = -o*g - 12, 4*g - g - 106 = -5*x. What is the remainder when 178 is divided by x?
17
Let z be ((-1631)/7 - 0)*1. What is the remainder when 14 + -7 - z - 3 is divided by 15?
12
Let l = -8989 - -18735. What is the remainder when l is divided by 75?
71
Suppose -18*x = -12*x - 8*x + 42. Calculate the remainder when 44 is divided by x.
2
Let l(c) = c**2 + 6*c - 174. Suppose 2*v - 22 = 7*w - 9*w, 3*v - 5*w - 33 = 0. What is the remainder when 30 is divided by l(v)?
4
Suppose -4*z - 7 = 1. Let y = -3714 + 3717. Calculate the remainder when (-22)/z - (-1 - -3) is divided by y.
0
Suppose 353 = -7*p + 9901. Suppose -17*i + p = 27*i. What is the remainder when 184 is divided by i?
29
Suppose 0 = -3*p + 45 + 27. Let h be (1/6)/((-2)/(-60)). Suppose -h*j - 3*b = -245, 2*j + 8*b = 6*b + 102. Calculate the remainder when j is divid